w**2 + 7*w - 1. Determine v(6).
149
Let f(d) = d**2 + 24*d - 4. Calculate f(-23).
-27
Let d(i) = 8*i + 45. What is d(-6)?
-3
Let l(a) = 16*a**2 + 2*a. Give l(-1).
14
Let o(m) = -m**3 + 5*m**2 - 5*m. Give o(4).
-4
Let h(n) = n + 14. Determine h(-6).
8
Let z(c) = -9*c - 10. Determine z(2).
-28
Let i(s) = s**2 - 12*s - 106. Calculate i(-6).
2
Let t(o) = o**3 - 15*o**2 - 12*o + 5. Calculate t(16).
69
Let i(h) = -10*h**2 + 5*h - 1. Calculate i(2).
-31
Let w(o) = 2*o**2 - 2*o + 3. Determine w(-4).
43
Let l(z) = -37*z + 179. Determine l(5).
-6
Let q(n) = -n**2 + 14*n - 44. Calculate q(11).
-11
Let s(a) = 31*a**2. Determine s(1).
31
Let y(o) = -2*o + 5. Give y(13).
-21
Let h(k) = -k**2 + 12*k - 37. Calculate h(5).
-2
Let c(k) = -5*k**2 + 22*k - 2. Calculate c(4).
6
Let p(c) = c**3 + 9*c**2 + 16*c + 11. Calculate p(-7).
-3
Let y(d) = -d**3 - 19*d**2 - 37*d + 13. Determine y(-17).
64
Let u(f) = -3*f - 61. Determine u(0).
-61
Let d(k) = k**2 + 13*k - 14. What is d(-9)?
-50
Let d(x) = x**3 + 4*x**2 - 5*x + 6. Calculate d(-5).
6
Let t(n) = n**3 + 16*n**2 + 32*n + 247. Determine t(-15).
-8
Let u(q) = -5*q + 4. Determine u(6).
-26
Let b(z) = -3*z - 113. Determine b(-36).
-5
Let l(o) = -o**2 - 10*o + 12. Give l(-9).
21
Let a(x) = -4*x - 7. Determine a(-2).
1
Let f(r) = r**2 + 8*r - 10. Calculate f(-9).
-1
Let l(r) = 2*r**2 - 8*r + 4. Determine l(3).
-2
Let k(v) = -v**3 + 4*v**2 - 3*v. Give k(4).
-12
Let d(o) = o**3 + 2*o**2 - 3*o - 2. Give d(3).
34
Let s(r) = -3*r**2 + 6*r + 8. What is s(6)?
-64
Let k(g) = g + 3. Determine k(-8).
-5
Let v(j) = j**3 + 2*j**2 - j - 3. What is v(-2)?
-1
Let z(f) = f**2 - 10. Determine z(0).
-10
Let a(y) = y**3 + y**2 + y - 12. Determine a(0).
-12
Let f(g) = -g + 6. Determine f(8).
-2
Let s(m) = -m**3 - 13*m**2 + 14*m - 19. Give s(-14).
-19
Let v(m) = m**2 + 2*m - 10. What is v(-5)?
5
Let n(o) = 50*o + 62. What is n(-1)?
12
Let i(c) = c**2 + 8*c - 6. Calculate i(-8).
-6
Let s(v) = v**2 - 6*v - 17. Determine s(7).
-10
Let j(p) = p**2 + 13*p + 16. What is j(-8)?
-24
Let q(h) = 5*h**2 + 3*h - 16. What is q(6)?
182
Let x(c) = c**3 - 7*c**2 - 25*c + 64. Determine x(9).
1
Let b(x) = -x + 4. What is b(-28)?
32
Let k(m) = -3*m - 17. Give k(-6).
1
Let b(y) = -y**3 + 11*y**2 - 11*y + 4. Calculate b(10).
-6
Let w(b) = 28*b - 14. What is w(2)?
42
Let f(g) = -g**3 + 33*g**2 - 62*g + 13. Determine f(31).
13
Let y(j) = j**3 + 4*j**2 + 2. Give y(-4).
2
Let l(q) = 6*q**2 - 10*q - 10. Give l(-4).
126
Let j(p) = p + 18. Give j(-10).
8
Let v(y) = -y**3 - 16*y**2 + 17*y + 4. Determine v(-17).
4
Let f(y) = 2*y**2 + 26*y + 6. What is f(-11)?
-38
Let f(s) = s + 27. What is f(-21)?
6
Let z(p) = -5*p + 23. What is z(-13)?
88
Let r(m) = 25*m - 360. Calculate r(15).
15
Let o(q) = q**3 - 17*q**2 - 11*q - 19. Determine o(18).
107
Let t(x) = -x**2 - 6*x + 6. Give t(-5).
11
Let k(v) = -v**2 - 11*v - 26. Calculate k(-4).
2
Let z(c) = -6*c**2. What is z(1)?
-6
Let m(h) = h**3 - 2*h**2 - 2*h + 13. Determine m(0).
13
Let w(m) = 6*m - 7. Calculate w(-1).
-13
Let v(d) = -2*d**3 - 5*d**2 - d + 2. Determine v(-4).
54
Let p(f) = f**3 - 2*f**2 - 3*f + 4. Determine p(3).
4
Let j(z) = z**2 - 7*z - 9. What is j(7)?
-9
Let r(q) = -q**3 + 22*q**2 - 42*q + 37. Give r(20).
-3
Let s(g) = 3*g + 23. Determine s(-4).
11
Let c(l) = 2*l**2 + 29*l - 8. What is c(-15)?
7
Let y(g) = -g**3 + 4*g**2 - 8. Give y(4).
-8
Let r(o) = -12*o - 2. What is r(2)?
-26
Let u(i) = i**2 + 6*i + 5. Determine u(-6).
5
Let i(z) = -2*z - 8. Give i(-5).
2
Let b(y) = -y**2 - 5. Give b(-3).
-14
Let b(p) = -11*p - 2. What is b(-1)?
9
Let b(c) = -c**3 + 18*c**2 - 17*c + 21. Give b(17).
21
Let g(n) = -n**3 - 14*n**2 - 14*n - 11. Give g(-13).
2
Let k(n) = 4*n**2 - 7. What is k(-3)?
29
Let i(l) = -l**3 + 34*l**2 + 76*l - 154. Calculate i(36).
-10
Let r(k) = -k**3 - 10*k**2 - 13*k - 10. Calculate r(-9).
26
Let i(r) = -r**2 - 15*r - 39. Calculate i(-11).
5
Let m(i) = -2*i**3 + i**2 - 2*i - 1. What is m(-2)?
23
Let j(n) = n**3 - 5*n**2 + 5*n. What is j(5)?
25
Let z(o) = -4*o + 28. What is z(7)?
0
Let l(a) = 5*a + 5. Calculate l(-6).
-25
Let f(m) = -m**3 + 6*m**2 + 2*m - 26. What is f(5)?
9
Let v(q) = -173*q - 523. Determine v(-3).
-4
Let n(s) = -3*s - 74. Give n(-22).
-8
Let l(r) = r**2 + 2*r - 45. Calculate l(0).
-45
Let q(r) = r**3 - 28*r**2 - 28*r - 34. What is q(29)?
-5
Let s(v) = v**2 + v + 6. Calculate s(-2).
8
Let j(i) = -2*i**2 - 21*i + 11. Determine j(-12).
-25
Let k(j) = j**2 + 90*j + 730. Determine k(-9).
1
Let j(q) = q**3 - 11*q**2 - 15*q - 2. Calculate j(12).
-38
Let y(f) = -53*f - 203. What is y(-4)?
9
Let v(f) = f**2 - 23*f + 6. Give v(23).
6
Let t(k) = -108*k + 431. What is t(4)?
-1
Let d(l) = l**3 - 6*l**2 + 7*l - 11. What is d(6)?
31
Let a(v) = -2*v - 1. Give a(-1).
1
Let m(u) = -u**3 + u**2 - 2*u - 7. What is m(0)?
-7
Let o(s) = -31*s**3 - s**2 - 2*s - 2. Calculate o(-1).
30
Let b(u) = -u**3 - 7*u**2 + 6*u - 3. Calculate b(-8).
13
Let t(p) = -p**3 - 9*p**2 + 11*p + 5. Determine t(-10).
-5
Let s(x) = -2*x + 3. Determine s(-6).
15
Let w(f) = f**3 - 10*f**2 - 9*f - 37. Determine w(11).
-15
Let x(h) = -2*h + 6. What is x(-1)?
8
Let b(q) = q**3 + 6*q**2 - 9*q + 3. What is b(-7)?
17
Let y(c) = 2*c**2 + 11*c - 11. Give y(-6).
-5
Let l(t) = t**2 - 15*t - 18. What is l(16)?
-2
Let t(z) = -z**2 + 6*z + 39. Calculate t(10).
-1
Let u(l) = -81*l - 246. What is u(-3)?
-3
Let d(g) = -2*g**3 + 3*g**2 + 5*g - 2. Determine d(3).
-14
Let b(u) = 2*u**2 + 72*u - 4. Calculate b(-36).
-4
Let i(b) = 18*b**3 - 4*b**2 + 5*b - 1. What is i(1)?
18
Let f(k) = 27*k - 4. Calculate f(-2).
-58
Let g(n) = -n**2 + 8*n + 11. Determine g(10).
-9
Let n(j) = j + 14. What is n(-8)?
6
Let g(t) = -t**3 - 12*t**2 + t + 17. Give g(-12).
5
Let t(f) = f**2 + 2*f - 2. Calculate t(-5).
13
Let b(f) = -28*f - 148. What is b(-5)?
-8
Let i(h) = 2*h**2 - 2*h - 1. Calculate i(-2).
11
Let m(l) = l**3 - 14*l**2 + 9*l + 48. What is m(13)?
-4
Let w(g) = 3*g**2 + 18*g + 7. Calculate w(-5).
-8
Let f(q) = q**2 - 8*q + 14. Give f(7).
7
Let y(v) = -10*v + 21. Calculate y(-3).
51
Let x(c) = -7*c**3 + 2*c**2 - 2. Determine x(-1).
7
Let n(i) = -4*i + 2. What is n(2)?
-6
Let j(h) = -h**3 + 7*h**2 + 6*h - 4. Give j(8).
-20
Let o(h) = 2*h + 7. Calculate o(5).
17
Let b(x) = -14*x - 540. Give b(-38).
-8
Let v(b) = -25*b + 6. Calculate v(-3).
81
Let h(s) = -s**2 - 9*s - 4. Determine h(-9).
-4
Let s(d) = -5*d - 115. Determine s(-22).
-5
Let a(m) = 2*m**3 + 30*m**2 + 28*m + 13. Determine a(-14).
13
Let v(p) = -7*p + 4. Calculate v(1).
-3
Let w(r) = -r**2 + 54*r - 476. Give w(43).
-3
Let y(a) = -a**2 - 19*a - 62. Calculate y(-14).
8
Let n(y) = y**3 - 12*y**2 - 22*y + 110. Determine n(13).
-7
Let l(i) = i**3 - 4*i**2 + 6*i - 18. Determine l(4).
6
Let o(q) = q**3 - 6*q**2 + 5. What is o(6)?
5
Let y(a) = -a - 4. Calculate y(6).
-10
Let l(d) = 4*d + 3. What is l(3)?
15
Let i(t) = -2*t**2 - 13*t + 33. Give i(3).
-24
Let w(n) = -17*n + 190. Give w(11).
3
Let w(b) = 2*b**2 - 6*b - 13. Calculate w(-5).
67
Let p(s) = -s**3 - s**2 + 11*s + 4. Calculate p(-4).
8
Let h(x) = x**2 + 20*x + 94. Give h(-12).
-2
Let i(a) = a + 14. Give i(-3).
11
Let q(a) = 3*a**2 + 6*a - 9. Determine q(-3).
0
Let k(r) = -r**3 - 12*r**2 - 3*r - 18. Determine k(-12).
18
Let i(z) = z**2 - 6*z - 4. Give i(-4).
36
Let h(a) = a**2 - 16*a + 62. What is h(10)?
2
Let y(k) = 10*k + 91. Give y(-8).
11
Let q(r) = 10*r + 76. What is q(-9)?
-14
Let c(o) = -4*o**2 + o - 3. What is c(-3)?
-42
Let k(y) = -17*y + 10. Calculate k(-3).
61
Let b(q) = -2*q**3 + 17*q**2 - 4*q - 13. Determine b(8).
19
Let h(n) = 4*n + 192. Give h(-45).
12
Let h(l) = 2*l**2 + 32*l - 33. What is h(-16)?
-33
Let v(q) = 3*q + 26. Give v(-11).
-7
Let y(r) = -5*r**3 - r**2 - r + 1. Give y(2).
-45
Let x(c) = -c**2 - 3*c - 5. Determine x(-6).
-23
Let w(u) = -u**3 + 11*u**2 - 13*u + 20. Give w(8).
108
Let h(r) = r + 1. What is h(1)?
2
Let j(y) = 9*y + 2. What is j(-2)?
-16
Let w(d) = -d**2 + 13*d + 18. What is w(14)?
4
Let d(z) = 3*z**3 + 25*z**2 + 2*z - 50. Calculate d(-8).
-2
Let l(s) = s**2 - 2*s + 16. Give l(5).
31
Let t(v) = 2*v**2 + 47*v - 30. Calculate t(-24).
-6
Let g(w) = -w**2 - 19*w - 46. What is g(-7)?
38
Let g(p) = p**2 - 9*p - 15. Determine g(12).
21
Let i(q) = 6*q + 52. Determine i(-18).
-56
Let x(q) = 8*q - 78. What is x(10)?
2
Let k